 when 582 is divided by 53.
52
Calculate the remainder when 271 is divided by 47.
36
Calculate the remainder when 439 is divided by 17.
14
What is the remainder when 249 is divided by 45?
24
Calculate the remainder when 34 is divided by 27.
7
Calculate the remainder when 1971 is divided by 116.
115
What is the remainder when 897 is divided by 43?
37
Calculate the remainder when 933 is divided by 917.
16
Calculate the remainder when 1466 is divided by 147.
143
Calculate the remainder when 275 is divided by 97.
81
Calculate the remainder when 277 is divided by 77.
46
What is the remainder when 74 is divided by 32?
10
Calculate the remainder when 199 is divided by 101.
98
What is the remainder when 949 is divided by 34?
31
Calculate the remainder when 5699 is divided by 30.
29
What is the remainder when 5931 is divided by 17?
15
Calculate the remainder when 1095 is divided by 18.
15
What is the remainder when 61 is divided by 33?
28
What is the remainder when 866 is divided by 283?
17
What is the remainder when 8622 is divided by 15?
12
Calculate the remainder when 359 is divided by 92.
83
What is the remainder when 1158 is divided by 19?
18
What is the remainder when 68 is divided by 36?
32
Calculate the remainder when 503 is divided by 152.
47
What is the remainder when 168 is divided by 66?
36
Calculate the remainder when 78 is divided by 41.
37
What is the remainder when 560 is divided by 13?
1
Calculate the remainder when 585 is divided by 22.
13
Calculate the remainder when 7907 is divided by 35.
32
What is the remainder when 783 is divided by 244?
51
What is the remainder when 3227 is divided by 85?
82
Calculate the remainder when 779 is divided by 30.
29
Calculate the remainder when 1354 is divided by 29.
20
What is the remainder when 132 is divided by 52?
28
Calculate the remainder when 46 is divided by 14.
4
What is the remainder when 279 is divided by 130?
19
What is the remainder when 85 is divided by 21?
1
Calculate the remainder when 96 is divided by 27.
15
What is the remainder when 543 is divided by 24?
15
Calculate the remainder when 222 is divided by 77.
68
What is the remainder when 7223 is divided by 134?
121
Calculate the remainder when 232 is divided by 201.
31
Calculate the remainder when 189 is divided by 89.
11
Calculate the remainder when 2230 is divided by 52.
46
Calculate the remainder when 6074 is divided by 9.
8
What is the remainder when 812 is divided by 12?
8
What is the remainder when 2761 is divided by 3?
1
Calculate the remainder when 250 is divided by 47.
15
Calculate the remainder when 115 is divided by 41.
33
Calculate the remainder when 126 is divided by 61.
4
What is the remainder when 701 is divided by 166?
37
Calculate the remainder when 928 is divided by 78.
70
Calculate the remainder when 1051 is divided by 23.
16
What is the remainder when 1717 is divided by 86?
83
What is the remainder when 452 is divided by 86?
22
What is the remainder when 276 is divided by 41?
30
Calculate the remainder when 141 is divided by 76.
65
Calculate the remainder when 11611 is divided by 33.
28
Calculate the remainder when 1701 is divided by 37.
36
What is the remainder when 1115 is divided by 86?
83
Calculate the remainder when 555 is divided by 81.
69
What is the remainder when 925 is divided by 152?
13
Calculate the remainder when 1564 is divided by 35.
24
Calculate the remainder when 40 is divided by 23.
17
Calculate the remainder when 2398 is divided by 797.
7
Calculate the remainder when 671 is divided by 9.
5
Calculate the remainder when 1104 is divided by 13.
12
What is the remainder when 336 is divided by 58?
46
Calculate the remainder when 816 is divided by 268.
12
What is the remainder when 212 is divided by 24?
20
What is the remainder when 510 is divided by 17?
0
Calculate the remainder when 677 is divided by 222.
11
Calculate the remainder when 553 is divided by 56.
49
What is the remainder when 1006 is divided by 53?
52
Calculate the remainder when 6018 is divided by 223.
220
What is the remainder when 1069 is divided by 63?
61
What is the remainder when 126 is divided by 26?
22
Calculate the remainder when 506 is divided by 231.
44
What is the remainder when 548 is divided by 272?
4
What is the remainder when 27271 is divided by 14?
13
What is the remainder when 1313 is divided by 14?
11
Calculate the remainder when 152 is divided by 47.
11
What is the remainder when 2316 is divided by 90?
66
Calculate the remainder when 76 is divided by 33.
10
What is the remainder when 4637 is divided by 193?
5
Calculate the remainder when 801 is divided by 171.
117
Calculate the remainder when 556 is divided by 95.
81
Calculate the remainder when 990 is divided by 146.
114
Calculate the remainder when 161 is divided by 21.
14
What is the remainder when 7647 is divided by 85?
82
What is the remainder when 77 is divided by 34?
9
What is the remainder when 754 is divided by 84?
82
What is the remainder when 366 is divided by 99?
69
What is the remainder when 385 is divided by 131?
123
Calculate the remainder when 550 is divided by 109.
5
Calculate the remainder when 765 is divided by 24.
21
Calculate the remainder when 2246 is divided by 1120.
6
What is the remainder when 146 is divided by 21?
20
What is the remainder when 362 is divided by 52?
50
What is the remainder when 764 is divided by 199?
167
Calculate the remainder when 351 is divided by 117.
0
Calculate the remainder when 86 is divided by 79.
7
Calculate the remainder when 39 is divided by 14.
11
What is the remainder when 1183 is divided by 581?
21
Calculate the remainder when 3315 is divided by 25.
15
What is the remainder when 122 is divided by 36?
14
What is the remainder when 543 is divided by 50?
43
What is the remainder when 20 is divided by 7?
6
Calculate the remainder when 9529 is divided by 27.
25
Calculate the remainder when 3420 is divided by 57.
0
What is the remainder when 3484 is divided by 1158?
10
What is the remainder when 820 is divided by 26?
14
Calculate the remainder when 4094 is divided by 17.
14
What is the remainder when 42 is divided by 22?
20
What is the remainder when 468 is divided by 111?
24
What is the remainder when 5232 is divided by 9?
3
What is the remainder when 50 is divided by 42?
8
What is the remainder when 1397 is divided by 7?
4
What is the remainder when 1503 is divided by 94?
93
What is the remainder when 91 is divided by 23?
22
Calculate the remainder when 626 is divided by 19.
18
What is the remainder when 1055 is divided by 86?
23
What is the remainder when 242 is divided by 115?
12
Calculate the remainder when 706 is divided by 101.
100
What is the remainder when 190 is divided by 77?
36
Calculate the remainder when 119 is divided by 31.
26
Calculate the remainder when 219 is divided by 53.
7
Calculate the remainder when 446 is divided by 108.
14
What is the remainder when 39219 is divided by 6?
3
Calculate the remainder when 2526 is divided by 11.
7
What is the remainder when 1917 is divided by 95?
17
Calculate the remainder when 2747 is divided by 249.
8
What is the remainder when 573 is divided by 101?
68
What is the remainder when 1501 is divided by 47?
44
What is the remainder when 450 is divided by 114?
108
Calculate the remainder when 927 is divided by 115.
7
What is the remainder when 973 is divided by 163?
158
What is the remainder when 8605 is divided by 59?
50
What is the remainder when 4549 is divided by 41?
39
What is the remainder when 157 is divided by 82?
75
What is the remainder when 157 is divided by 27?
22
Calculate the remainder when 422 is divided by 51.
14
Calculate the remainder when 6186 is divided by 387.
381
Calculate the remainder when 362 is divided by 7.
5
What is the remainder when 2000 is divided by 100?
0
What is the remainder when 266 is divided by 54?
50
Calculate the remainder when 269 is divided by 39.
35
Calculate the remainder when 226 is divided by 50.
26
What is the remainder when 2029 is divided by 474?
133
Calculate the remainder when 146 is divided by 65.
16
What is the remainder when 253 is divided by 36?
1
Calculate the remainder when 3897 is divided by 20.
17
What is the remainder when 100 is divided by 54?
46
What is the remainder when 958 is divided by 12?
10
Cal